
What is the thousands digit of 17472?
7
What is the thousands digit of 29622?
9
What is the tens digit of 82514?
1
What is the tens digit of 34250?
5
What is the units digit of 42739?
9
What is the hundreds digit of 6233?
2
What is the units digit of 401?
1
What is the hundreds digit of 735?
7
What is the tens digit of 5836?
3
What is the thousands digit of 41704?
1
What is the units digit of 7802?
2
What is the tens digit of 41744?
4
What is the thousands digit of 1540?
1
What is the units digit of 587?
7
What is the ten thousands digit of 82893?
8
What is the ten thousands digit of 159040?
5
What is the thousands digit of 1906?
1
What is the thousands digit of 17934?
7
What is the hundred thousands digit of 164536?
1
What is the tens digit of 1203?
0
What is the tens digit of 12447?
4
What is the units digit of 18692?
2
What is the hundreds digit of 1185?
1
What is the units digit of 1021?
1
What is the thousands digit of 2239?
2
What is the tens digit of 12796?
9
What is the units digit of 27873?
3
What is the units digit of 3302?
2
What is the units digit of 135456?
6
What is the ten thousands digit of 81783?
8
What is the thousands digit of 5517?
5
What is the tens digit of 325?
2
What is the tens digit of 58366?
6
What is the units digit of 1428?
8
What is the hundreds digit of 5045?
0
What is the ten thousands digit of 110047?
1
What is the tens digit of 1033?
3
What is the units digit of 38055?
5
What is the hundreds digit of 46821?
8
What is the units digit of 33175?
5
What is the tens digit of 288?
8
What is the tens digit of 1029?
2
What is the tens digit of 1482?
8
What is the thousands digit of 1940?
1
What is the tens digit of 2636?
3
What is the thousands digit of 45235?
5
What is the tens digit of 1758?
5
What is the tens digit of 1018?
1
What is the tens digit of 55789?
8
What is the tens digit of 23357?
5
What is the tens digit of 23144?
4
What is the units digit of 835?
5
What is the thousands digit of 2458?
2
What is the units digit of 839?
9
What is the tens digit of 882?
8
What is the ten thousands digit of 34268?
3
What is the tens digit of 45465?
6
What is the hundreds digit of 5291?
2
What is the hundreds digit of 7648?
6
What is the units digit of 1050?
0
What is the thousands digit of 8452?
8
What is the tens digit of 1719?
1
What is the tens digit of 115?
1
What is the thousands digit of 53466?
3
What is the thousands digit of 74027?
4
What is the hundreds digit of 63256?
2
What is the tens digit of 601?
0
What is the thousands digit of 44984?
4
What is the thousands digit of 17795?
7
What is the thousands digit of 37684?
7
What is the ten thousands digit of 59932?
5
What is the hundreds digit of 7274?
2
What is the hundreds digit of 13402?
4
What is the tens digit of 491?
9
What is the units digit of 50869?
9
What is the tens digit of 19853?
5
What is the ten thousands digit of 129677?
2
What is the units digit of 21?
1
What is the hundreds digit of 27310?
3
What is the hundreds digit of 1946?
9
What is the tens digit of 49648?
4
What is the thousands digit of 6198?
6
What is the thousands digit of 14862?
4
What is the hundreds digit of 479?
4
What is the hundreds digit of 19459?
4
What is the thousands digit of 22429?
2
What is the ten thousands digit of 21721?
2
What is the tens digit of 16810?
1
What is the tens digit of 5263?
6
What is the thousands digit of 1370?
1
What is the tens digit of 17502?
0
What is the units digit of 1059?
9
What is the thousands digit of 2742?
2
What is the thousands digit of 1886?
1
What is the units digit of 12737?
7
What is the units digit of 54317?
7
What is the hundreds digit of 6392?
3
What is the thousands digit of 5667?
5
What is the tens digit of 5403?
0
What is the hundreds digit of 13374?
3
What is the thousands digit of 3746?
3
What is the hundreds digit of 3222?
2
What is the units digit of 4634?
4
What is the hundreds digit of 1996?
9
What is the thousands digit of 3893?
3
What is the ten thousands digit of 48896?
4
What is the hundreds digit of 39759?
7
What is the hundred thousands digit of 107852?
1
What is the hundreds digit of 20149?
1
What is the ten thousands digit of 14397?
1
What is the thousands digit of 7891?
7
What is the tens digit of 14785?
8
What is the hundreds digit of 132?
1
What is the hundreds digit of 11033?
0
What is the units digit of 4087?
7
What is the tens digit of 2996?
9
What is the hundreds digit of 315?
3
What is the hundreds digit of 16537?
5
What is the thousands digit of 36641?
6
What is the tens digit of 20271?
7
What is the thousands digit of 4044?
4
What is the ten thousands digit of 10994?
1
What is the thousands digit of 2834?
2
What is the thousands digit of 51724?
1
What is the hundreds digit of 90312?
3
What is the units digit of 304?
4
What is the units digit of 16587?
7
What is the tens digit of 5325?
2
What is the thousands digit of 46572?
6
What is the thousands digit of 82847?
2
What is the units digit of 8010?
0
What is the tens digit of 6192?
9
What is the thousands digit of 2394?
2
What is the thousands digit of 67828?
7
What is the hundreds digit of 17317?
3
What is the thousands digit of 1839?
1
What is the units digit of 1015?
5
What is the ten thousands digit of 25194?
2
What is the hundreds digit of 138?
1
What is the thousands digit of 22098?
2
What is the units digit of 915?
5
What is the units digit of 680?
0
What is the tens digit of 16720?
2
What is the ten thousands digit of 33890?
3
What is the hundreds digit of 5765?
7
What is the units digit of 244?
4
What is the thousands digit of 94416?
4
What is the hundreds digit of 101634?
6
What is the hundreds digit of 706?
7
What is the units digit of 316?
6
What is the units digit of 179?
9
What is the tens digit of 88?
8
What is the hundreds digit of 7776?
7
What is the thousands digit of 89338?
9
What is the tens digit of 53599?
9
What is the units digit of 353?
3
What is the ten thousands digit of 65962?
6
What is the tens digit of 449?
4
What is the units digit of 326?
6
What is the hundreds digit of 856?
8
What is the units digit of 1111?
1
What is the hundreds digit of 884?
8
What is the ten thousands digit of 88443?
8
What is the hundreds digit of 112522?
5
What is the units digit of 101832?
2
What is the units digit of 27?
7
What is the tens digit of 1135?
3
What is the units digit of 13638?
8
What is the tens digit of 3118?
1
What is the units digit of 1019?
9
What is the thousands digit of 3316?
3
What is the units digit of 94929?
9
What is the tens digit of 1271?
7
What is the hundreds digit of 351?
3
What is the tens digit of 1700?
0
What is the units digit of 31611?
1
What is the units digit of 438?
8
What is the hundreds digit of 17998?
9
What is the hundreds digit of 7387?
3
What is the tens digit of 2094?
9
What is the units digit of 39976?
6
What is the tens digit of 560?
6
What is the hundreds digit of 2256?
2
What is the tens digit of 6057?
5
What is the hundreds digit of 2152?
1
What is the ten thousands digit of 56542?
5
What is the units digit of 3591?
1
What is the tens digit of 5670?
7
What is the hundreds digit of 1064?
0
What is the thousands digit of 1031?
1
What is the units digit of 31397?
7
What is the ten thousands digit of 17733?
1
What is the tens digit of 461?
6
What is the units digit of 6?
6
What is the units digit of 25935?
5
What is the ten thousands digit of 36288?
3
What is the tens digit of 4491?
9
What is the tens digit of 10965?
6
What is the thousands digit of 4280?
4
What is the units digit of 1447?
7
What is the ten thousands digit of 10759?
1
What is the units digit of 13505?
5
What is the units digit of 2396?
6
What is the thousands digit of 60072?
0
What is the units digit of 29293?
3
What is the hundreds digit of 8336?
3
What is the thousands digit of 9845?
9
What is the ten thousands digit of 107831?
0
What is the units digit of 1090?
0
What is the units digit of 580?
0
What is the units digit of 132875?
5
What is the units digit of 2616?
6
What is the ten thousands digit of 69160?
6
What is the hundreds digit of 1910?
9
What is the ten thousands digit of 12438?
1
What is the units digit of 23807?
7
What is the hundreds digit of 38393?
3
What is the tens digit of 3367?
6
What is the thousands digit of 3337?
3
